{"id":34,"date":"2024-12-01T15:22:51","date_gmt":"2024-12-01T15:22:51","guid":{"rendered":"https:\/\/www.dachmasters.com.pl\/?page_id=34"},"modified":"2026-02-27T20:00:12","modified_gmt":"2026-02-27T20:00:12","slug":"kontakt","status":"publish","type":"page","link":"https:\/\/www.dachmasters.com.pl\/index.php\/kontakt\/","title":{"rendered":"Kontakt"},"content":{"rendered":"\t\t<div data-elementor-type=\"wp-page\" data-elementor-id=\"34\" class=\"elementor elementor-34\">\n\t\t\t\t<div class=\"elementor-element elementor-element-3038caff e-flex e-con-boxed e-con e-parent\" data-id=\"3038caff\" data-element_type=\"container\" data-e-type=\"container\">\n\t\t\t\t\t<div class=\"e-con-inner\">\n\t\t\t\t<div class=\"elementor-element elementor-element-3c6f6cc1 elementor-widget elementor-widget-text-editor\" data-id=\"3c6f6cc1\" data-element_type=\"widget\" data-e-type=\"widget\" data-widget_type=\"text-editor.default\">\n\t\t\t\t<div class=\"elementor-widget-container\">\n\t\t\t\t\t\t\t\t\t\n<p><strong>Kontakt z DachMasters<\/strong><\/p>\n\n<p>Ch\u0119tnie odpowiemy na wszystkie pytania i pomo\u017cemy w doborze odpowiednich us\u0142ug dla Twojego dachu. Skontaktuj si\u0119 z nami:<\/p>\n\n<p><strong>Numer telefonu:<\/strong> +48 694 848 708<br \/><strong>E-mail: <\/strong>mastersdach@gmail.com<\/p>\n\n<p>Jeste\u015bmy do Twojej dyspozycji!<\/p>\n<p style=\"text-align: center;\"><strong>Nasze social media<\/strong><\/p>\n<p style=\"text-align: center;\"><span style=\"text-decoration: underline;\">Kliknij ikon\u0119 poni\u017cej\u00a0<\/span><\/p>\n\n<div class=\"wp-block-group\"><div class=\"wp-block-group__inner-container is-layout-constrained wp-block-group-is-layout-constrained\">\n<div class=\"wp-block-columns is-layout-flex wp-container-core-columns-is-layout-9d6595d7 wp-block-columns-is-layout-flex\">\n<div class=\"wp-block-column is-layout-flow wp-block-column-is-layout-flow\" style=\"flex-basis: 100%;\">\n<div class=\"wp-block-group\"><div class=\"wp-block-group__inner-container is-layout-constrained wp-block-group-is-layout-constrained\"><div class=\"wp-block-image\">\n<figure class=\"aligncenter size-full\"><a href=\"https:\/\/www.instagram.com\/dachmastersmyciedachow\"><img decoding=\"async\" class=\"wp-image-110\" src=\"http:\/\/www.dachmasters.com.pl\/wp-content\/uploads\/2026\/02\/images-1.jpeg\" alt=\"\" width=\"95\" height=\"95\" \/> \u00a0<\/a><a href=\"https:\/\/www.facebook.com\/profile.php?id=61569275212148\"><img decoding=\"async\" class=\"wp-image-112\" src=\"http:\/\/www.dachmasters.com.pl\/wp-content\/uploads\/2026\/02\/images-1-3.png\" alt=\"\" width=\"97\" height=\"98\" \/> <\/a><a href=\"https:\/\/www.tiktok.com\/@dachmastermyciedachow\"><img decoding=\"async\" class=\"wp-image-113\" src=\"http:\/\/www.dachmasters.com.pl\/wp-content\/uploads\/2026\/02\/images-2.png\" alt=\"\" width=\"103\" height=\"103\" \/><\/a><\/figure>\n<\/div><\/div><\/div>\n<\/div>\n<\/div>\n<\/div><\/div>\n\t\t\t\t\t\t\t\t<\/div>\n\t\t\t\t<\/div>\n\t\t\t\t\t<\/div>\n\t\t\t\t<\/div>\n\t\t\t\t<\/div>\n\t\t","protected":false},"excerpt":{"rendered":"<p>Kontakt z DachMasters Ch\u0119tnie odpowiemy na wszystkie pytania i pomo\u017cemy w doborze odpowiednich us\u0142ug dla Twojego dachu. Skontaktuj si\u0119 z nami: Numer telefonu: +48 694 &hellip;<\/p>\n","protected":false},"author":1,"featured_media":0,"parent":0,"menu_order":0,"comment_status":"closed","ping_status":"closed","template":"","meta":{"footnotes":""},"class_list":["post-34","page","type-page","status-publish","hentry"],"yoast_head":"<!-- This site is optimized with the Yoast SEO plugin v27.5 - https:\/\/yoast.com\/product\/yoast-seo-wordpress\/ -->\n<title>Kontakt - DachMasters: Mycie i Malowanie Dach&oacute;w oraz Elewacji<\/title>\n<meta name=\"robots\" content=\"index, follow, max-snippet:-1, max-image-preview:large, max-video-preview:-1\" \/>\n<link rel=\"canonical\" href=\"https:\/\/www.dachmasters.com.pl\/index.php\/kontakt\/\" \/>\n<meta property=\"og:locale\" content=\"pl_PL\" \/>\n<meta property=\"og:type\" content=\"article\" \/>\n<meta property=\"og:title\" content=\"Kontakt - DachMasters: Mycie i Malowanie Dach&oacute;w oraz Elewacji\" \/>\n<meta property=\"og:description\" content=\"Kontakt z DachMasters Ch\u0119tnie odpowiemy na wszystkie pytania i pomo\u017cemy w doborze odpowiednich us\u0142ug dla Twojego dachu. Skontaktuj si\u0119 z nami: Numer telefonu: +48 694 &hellip;\" \/>\n<meta property=\"og:url\" content=\"https:\/\/www.dachmasters.com.pl\/index.php\/kontakt\/\" \/>\n<meta property=\"og:site_name\" content=\"DachMasters: Mycie i Malowanie Dach&oacute;w oraz Elewacji\" \/>\n<meta property=\"article:publisher\" content=\"https:\/\/www.facebook.com\/people\/DachMasters-Mycie-Malowanie-Dachw\/61569275212148\/\" \/>\n<meta property=\"article:modified_time\" content=\"2026-02-27T20:00:12+00:00\" \/>\n<meta property=\"og:image\" content=\"http:\/\/www.dachmasters.com.pl\/wp-content\/uploads\/2026\/02\/images-1.jpeg\" \/>\n<meta name=\"twitter:card\" content=\"summary_large_image\" \/>\n<script type=\"application\/ld+json\" class=\"yoast-schema-graph\">{\"@context\":\"https:\\\/\\\/schema.org\",\"@graph\":[{\"@type\":\"WebPage\",\"@id\":\"https:\\\/\\\/www.dachmasters.com.pl\\\/index.php\\\/kontakt\\\/\",\"url\":\"https:\\\/\\\/www.dachmasters.com.pl\\\/index.php\\\/kontakt\\\/\",\"name\":\"Kontakt - DachMasters: Mycie i Malowanie Dach&oacute;w oraz Elewacji\",\"isPartOf\":{\"@id\":\"https:\\\/\\\/www.dachmasters.com.pl\\\/#website\"},\"primaryImageOfPage\":{\"@id\":\"https:\\\/\\\/www.dachmasters.com.pl\\\/index.php\\\/kontakt\\\/#primaryimage\"},\"image\":{\"@id\":\"https:\\\/\\\/www.dachmasters.com.pl\\\/index.php\\\/kontakt\\\/#primaryimage\"},\"thumbnailUrl\":\"http:\\\/\\\/www.dachmasters.com.pl\\\/wp-content\\\/uploads\\\/2026\\\/02\\\/images-1.jpeg\",\"datePublished\":\"2024-12-01T15:22:51+00:00\",\"dateModified\":\"2026-02-27T20:00:12+00:00\",\"breadcrumb\":{\"@id\":\"https:\\\/\\\/www.dachmasters.com.pl\\\/index.php\\\/kontakt\\\/#breadcrumb\"},\"inLanguage\":\"pl-PL\",\"potentialAction\":[{\"@type\":\"ReadAction\",\"target\":[\"https:\\\/\\\/www.dachmasters.com.pl\\\/index.php\\\/kontakt\\\/\"]}]},{\"@type\":\"ImageObject\",\"inLanguage\":\"pl-PL\",\"@id\":\"https:\\\/\\\/www.dachmasters.com.pl\\\/index.php\\\/kontakt\\\/#primaryimage\",\"url\":\"https:\\\/\\\/www.dachmasters.com.pl\\\/wp-content\\\/uploads\\\/2026\\\/02\\\/images-1.jpeg\",\"contentUrl\":\"https:\\\/\\\/www.dachmasters.com.pl\\\/wp-content\\\/uploads\\\/2026\\\/02\\\/images-1.jpeg\",\"width\":140,\"height\":140},{\"@type\":\"BreadcrumbList\",\"@id\":\"https:\\\/\\\/www.dachmasters.com.pl\\\/index.php\\\/kontakt\\\/#breadcrumb\",\"itemListElement\":[{\"@type\":\"ListItem\",\"position\":1,\"name\":\"Strona g\u0142\u00f3wna\",\"item\":\"http:\\\/\\\/www.dachmasters.com.pl\\\/\"},{\"@type\":\"ListItem\",\"position\":2,\"name\":\"Kontakt\"}]},{\"@type\":\"WebSite\",\"@id\":\"https:\\\/\\\/www.dachmasters.com.pl\\\/#website\",\"url\":\"https:\\\/\\\/www.dachmasters.com.pl\\\/\",\"name\":\"DachMasters: Mycie i Malowanie Dach\u00f3w oraz Elewacji\",\"description\":\"\",\"potentialAction\":[{\"@type\":\"SearchAction\",\"target\":{\"@type\":\"EntryPoint\",\"urlTemplate\":\"https:\\\/\\\/www.dachmasters.com.pl\\\/?s={search_term_string}\"},\"query-input\":{\"@type\":\"PropertyValueSpecification\",\"valueRequired\":true,\"valueName\":\"search_term_string\"}}],\"inLanguage\":\"pl-PL\"}]}<\/script>\n<!-- \/ Yoast SEO plugin. -->","yoast_head_json":{"title":"Kontakt - DachMasters: Mycie i Malowanie Dach&oacute;w oraz Elewacji","robots":{"index":"index","follow":"follow","max-snippet":"max-snippet:-1","max-image-preview":"max-image-preview:large","max-video-preview":"max-video-preview:-1"},"canonical":"https:\/\/www.dachmasters.com.pl\/index.php\/kontakt\/","og_locale":"pl_PL","og_type":"article","og_title":"Kontakt - DachMasters: Mycie i Malowanie Dach&oacute;w oraz Elewacji","og_description":"Kontakt z DachMasters Ch\u0119tnie odpowiemy na wszystkie pytania i pomo\u017cemy w doborze odpowiednich us\u0142ug dla Twojego dachu. Skontaktuj si\u0119 z nami: Numer telefonu: +48 694 &hellip;","og_url":"https:\/\/www.dachmasters.com.pl\/index.php\/kontakt\/","og_site_name":"DachMasters: Mycie i Malowanie Dach&oacute;w oraz Elewacji","article_publisher":"https:\/\/www.facebook.com\/people\/DachMasters-Mycie-Malowanie-Dachw\/61569275212148\/","article_modified_time":"2026-02-27T20:00:12+00:00","og_image":[{"url":"http:\/\/www.dachmasters.com.pl\/wp-content\/uploads\/2026\/02\/images-1.jpeg","type":"","width":"","height":""}],"twitter_card":"summary_large_image","schema":{"@context":"https:\/\/schema.org","@graph":[{"@type":"WebPage","@id":"https:\/\/www.dachmasters.com.pl\/index.php\/kontakt\/","url":"https:\/\/www.dachmasters.com.pl\/index.php\/kontakt\/","name":"Kontakt - DachMasters: Mycie i Malowanie Dach&oacute;w oraz Elewacji","isPartOf":{"@id":"https:\/\/www.dachmasters.com.pl\/#website"},"primaryImageOfPage":{"@id":"https:\/\/www.dachmasters.com.pl\/index.php\/kontakt\/#primaryimage"},"image":{"@id":"https:\/\/www.dachmasters.com.pl\/index.php\/kontakt\/#primaryimage"},"thumbnailUrl":"http:\/\/www.dachmasters.com.pl\/wp-content\/uploads\/2026\/02\/images-1.jpeg","datePublished":"2024-12-01T15:22:51+00:00","dateModified":"2026-02-27T20:00:12+00:00","breadcrumb":{"@id":"https:\/\/www.dachmasters.com.pl\/index.php\/kontakt\/#breadcrumb"},"inLanguage":"pl-PL","potentialAction":[{"@type":"ReadAction","target":["https:\/\/www.dachmasters.com.pl\/index.php\/kontakt\/"]}]},{"@type":"ImageObject","inLanguage":"pl-PL","@id":"https:\/\/www.dachmasters.com.pl\/index.php\/kontakt\/#primaryimage","url":"https:\/\/www.dachmasters.com.pl\/wp-content\/uploads\/2026\/02\/images-1.jpeg","contentUrl":"https:\/\/www.dachmasters.com.pl\/wp-content\/uploads\/2026\/02\/images-1.jpeg","width":140,"height":140},{"@type":"BreadcrumbList","@id":"https:\/\/www.dachmasters.com.pl\/index.php\/kontakt\/#breadcrumb","itemListElement":[{"@type":"ListItem","position":1,"name":"Strona g\u0142\u00f3wna","item":"http:\/\/www.dachmasters.com.pl\/"},{"@type":"ListItem","position":2,"name":"Kontakt"}]},{"@type":"WebSite","@id":"https:\/\/www.dachmasters.com.pl\/#website","url":"https:\/\/www.dachmasters.com.pl\/","name":"DachMasters: Mycie i Malowanie Dach\u00f3w oraz Elewacji","description":"","potentialAction":[{"@type":"SearchAction","target":{"@type":"EntryPoint","urlTemplate":"https:\/\/www.dachmasters.com.pl\/?s={search_term_string}"},"query-input":{"@type":"PropertyValueSpecification","valueRequired":true,"valueName":"search_term_string"}}],"inLanguage":"pl-PL"}]}},"_links":{"self":[{"href":"https:\/\/www.dachmasters.com.pl\/index.php\/wp-json\/wp\/v2\/pages\/34","targetHints":{"allow":["GET"]}}],"collection":[{"href":"https:\/\/www.dachmasters.com.pl\/index.php\/wp-json\/wp\/v2\/pages"}],"about":[{"href":"https:\/\/www.dachmasters.com.pl\/index.php\/wp-json\/wp\/v2\/types\/page"}],"author":[{"embeddable":true,"href":"https:\/\/www.dachmasters.com.pl\/index.php\/wp-json\/wp\/v2\/users\/1"}],"replies":[{"embeddable":true,"href":"https:\/\/www.dachmasters.com.pl\/index.php\/wp-json\/wp\/v2\/comments?post=34"}],"version-history":[{"count":18,"href":"https:\/\/www.dachmasters.com.pl\/index.php\/wp-json\/wp\/v2\/pages\/34\/revisions"}],"predecessor-version":[{"id":292,"href":"https:\/\/www.dachmasters.com.pl\/index.php\/wp-json\/wp\/v2\/pages\/34\/revisions\/292"}],"wp:attachment":[{"href":"https:\/\/www.dachmasters.com.pl\/index.php\/wp-json\/wp\/v2\/media?parent=34"}],"curies":[{"name":"wp","href":"https:\/\/api.w.org\/{rel}","templated":true}]}}