{"id":28,"date":"2024-12-01T15:17:12","date_gmt":"2024-12-01T15:17:12","guid":{"rendered":"https:\/\/www.dachmasters.com.pl\/?page_id=28"},"modified":"2024-12-01T15:56:08","modified_gmt":"2024-12-01T15:56:08","slug":"dlaczego-dachmasters","status":"publish","type":"page","link":"https:\/\/www.dachmasters.com.pl\/index.php\/dlaczego-dachmasters\/","title":{"rendered":"Dlaczego warto wybra\u0107 DachMasters?"},"content":{"rendered":"\n<p><strong>Dlaczego warto wybra\u0107 DachMasters?<\/strong><\/p>\n\n\n\n<p><strong>Ekologiczne mycie bez chemii<\/strong> \u2013 Stosujemy mycie wysokoci\u015bnieniowe (oko\u0142o 300 bar) bez u\u017cycia szkodliwych \u015brodk\u00f3w chemicznych, co jest bezpieczne zar\u00f3wno dla \u015brodowiska, jak i dla Twojego dachu.<\/p>\n\n\n\n<p><strong>\u015awie\u017ce, wysokiej jako\u015bci farby<\/strong> \u2013 Farby, kt\u00f3re u\u017cywamy, s\u0105 zamawiane specjalnie dla ka\u017cdego klienta, co zapewnia ich \u015bwie\u017co\u015b\u0107 i jako\u015b\u0107. Nie korzystamy z farb dost\u0119pnych w marketach \u2013 nasze produkty gwarantuj\u0105 trwa\u0142o\u015b\u0107 i estetyk\u0119.<\/p>\n\n\n\n<p><strong>Nowoczesna technika alpinistyczna<\/strong> \u2013 Us\u0142ugi wykonujemy z wykorzystaniem techniki alpinistycznej, co pozwala na bezpieczne i efektywne dotarcie do trudno dost\u0119pnych miejsc, zapewniaj\u0105c dok\u0142adno\u015b\u0107 i precyzj\u0119.<\/p>\n\n\n\n<p><strong>Szeroka paleta barw<\/strong> \u2013 Oferujemy szerok\u0105 gam\u0119 kolor\u00f3w farb, dzi\u0119ki czemu ka\u017cdy klient mo\u017ce dobra\u0107 odcie\u0144, kt\u00f3ry najlepiej pasuje do jego oczekiwa\u0144 i charakteru budynku.<\/p>\n\n\n\n<p><strong>Bezp\u0142atna wycena<\/strong> \u2013 Oferujemy bezp\u0142atn\u0105 i niezobowi\u0105zuj\u0105c\u0105 wycen\u0119 us\u0142ug, dzi\u0119ki czemu mo\u017cesz dok\u0142adnie zaplanowa\u0107 koszty i podj\u0105\u0107 decyzj\u0119 bez obaw o ukryte op\u0142aty. Nasz zesp\u00f3\u0142 dokona szczeg\u00f3\u0142owej analizy stanu dachu i przedstawi Ci najbardziej korzystn\u0105 ofert\u0119.<\/p>\n\n\n\n<p><strong>Indywidualne podej\u015bcie<\/strong> \u2013 Do ka\u017cdego zlecenia podchodzimy indywidualnie, dostosowuj\u0105c rozwi\u0105zania do specyfiki dachu oraz potrzeb klienta.<\/p>\n\n\n\n<p><strong>Szeroka baza zadowolonych klient\u00f3w<\/strong> \u2013 Nasza firma cieszy si\u0119 zaufaniem wielu klient\u00f3w, kt\u00f3rzy wielokrotnie wracaj\u0105 do nas po kolejne us\u0142ugi oraz polecaj\u0105 nas innym.<\/p>\n\n\n\n<p><strong>Do\u015bwiadczenie i profesjonalizm<\/strong> \u2013 Posiadamy wieloletnie do\u015bwiadczenie w bran\u017cy, co przek\u0142ada si\u0119 na wysok\u0105 jako\u015b\u0107 naszych us\u0142ug i pe\u0142n\u0105 satysfakcj\u0119 klient\u00f3w.<\/p>\n\n\n\n<p><strong>Bezpiecze\u0144stwo i dba\u0142o\u015b\u0107 o detale<\/strong> \u2013 Przyk\u0142adamy ogromn\u0105 wag\u0119 do bezpiecze\u0144stwa pracy, jak r\u00f3wnie\u017c do precyzji wykonania us\u0142ug, dbaj\u0105c o ka\u017cdy szczeg\u00f3\u0142 na etapie mycia i malowania.<\/p>\n\n\n\n<p><strong>Konkurencyjne ceny<\/strong> \u2013 Oferujemy wysok\u0105 jako\u015b\u0107 us\u0142ug w atrakcyjnych cenach, zapewniaj\u0105c doskona\u0142y stosunek jako\u015bci do ceny.<\/p>\n\n\n\n<p>Z DachMasters Tw\u00f3j dach zyska nowy wygl\u0105d i b\u0119dzie trwa\u0142y przez lata!<\/p>\n","protected":false},"excerpt":{"rendered":"<p>Dlaczego warto wybra\u0107 DachMasters? Ekologiczne mycie bez chemii \u2013 Stosujemy mycie wysokoci\u015bnieniowe (oko\u0142o 300 bar) bez u\u017cycia szkodliwych \u015brodk\u00f3w chemicznych, co jest bezpieczne zar\u00f3wno dla &hellip;<\/p>\n","protected":false},"author":1,"featured_media":0,"parent":0,"menu_order":0,"comment_status":"closed","ping_status":"closed","template":"","meta":{"footnotes":""},"class_list":["post-28","page","type-page","status-publish","hentry"],"yoast_head":"<!-- This site is optimized with the Yoast SEO plugin v27.5 - https:\/\/yoast.com\/product\/yoast-seo-wordpress\/ -->\n<title>Dlaczego warto wybra\u0107 DachMasters? - DachMasters: Mycie i Malowanie Dach&oacute;w oraz Elewacji<\/title>\n<meta name=\"robots\" content=\"index, follow, max-snippet:-1, max-image-preview:large, max-video-preview:-1\" \/>\n<link rel=\"canonical\" href=\"https:\/\/www.dachmasters.com.pl\/index.php\/dlaczego-dachmasters\/\" \/>\n<meta property=\"og:locale\" content=\"pl_PL\" \/>\n<meta property=\"og:type\" content=\"article\" \/>\n<meta property=\"og:title\" content=\"Dlaczego warto wybra\u0107 DachMasters? - DachMasters: Mycie i Malowanie Dach&oacute;w oraz Elewacji\" \/>\n<meta property=\"og:description\" content=\"Dlaczego warto wybra\u0107 DachMasters? Ekologiczne mycie bez chemii \u2013 Stosujemy mycie wysokoci\u015bnieniowe (oko\u0142o 300 bar) bez u\u017cycia szkodliwych \u015brodk\u00f3w chemicznych, co jest bezpieczne zar\u00f3wno dla &hellip;\" \/>\n<meta property=\"og:url\" content=\"https:\/\/www.dachmasters.com.pl\/index.php\/dlaczego-dachmasters\/\" \/>\n<meta property=\"og:site_name\" content=\"DachMasters: Mycie i Malowanie Dach&oacute;w oraz Elewacji\" \/>\n<meta property=\"article:publisher\" content=\"https:\/\/www.facebook.com\/people\/DachMasters-Mycie-Malowanie-Dachw\/61569275212148\/\" \/>\n<meta property=\"article:modified_time\" content=\"2024-12-01T15:56:08+00:00\" \/>\n<meta name=\"twitter:card\" content=\"summary_large_image\" \/>\n<meta name=\"twitter:label1\" content=\"Szacowany czas czytania\" \/>\n\t<meta name=\"twitter:data1\" content=\"2 minuty\" \/>\n<script type=\"application\/ld+json\" class=\"yoast-schema-graph\">{\"@context\":\"https:\\\/\\\/schema.org\",\"@graph\":[{\"@type\":\"WebPage\",\"@id\":\"https:\\\/\\\/www.dachmasters.com.pl\\\/index.php\\\/dlaczego-dachmasters\\\/\",\"url\":\"https:\\\/\\\/www.dachmasters.com.pl\\\/index.php\\\/dlaczego-dachmasters\\\/\",\"name\":\"Dlaczego warto wybra\u0107 DachMasters? - DachMasters: Mycie i Malowanie Dach&oacute;w oraz Elewacji\",\"isPartOf\":{\"@id\":\"https:\\\/\\\/www.dachmasters.com.pl\\\/#website\"},\"datePublished\":\"2024-12-01T15:17:12+00:00\",\"dateModified\":\"2024-12-01T15:56:08+00:00\",\"breadcrumb\":{\"@id\":\"https:\\\/\\\/www.dachmasters.com.pl\\\/index.php\\\/dlaczego-dachmasters\\\/#breadcrumb\"},\"inLanguage\":\"pl-PL\",\"potentialAction\":[{\"@type\":\"ReadAction\",\"target\":[\"https:\\\/\\\/www.dachmasters.com.pl\\\/index.php\\\/dlaczego-dachmasters\\\/\"]}]},{\"@type\":\"BreadcrumbList\",\"@id\":\"https:\\\/\\\/www.dachmasters.com.pl\\\/index.php\\\/dlaczego-dachmasters\\\/#breadcrumb\",\"itemListElement\":[{\"@type\":\"ListItem\",\"position\":1,\"name\":\"Strona g\u0142\u00f3wna\",\"item\":\"http:\\\/\\\/www.dachmasters.com.pl\\\/\"},{\"@type\":\"ListItem\",\"position\":2,\"name\":\"Dlaczego warto wybra\u0107 DachMasters?\"}]},{\"@type\":\"WebSite\",\"@id\":\"https:\\\/\\\/www.dachmasters.com.pl\\\/#website\",\"url\":\"https:\\\/\\\/www.dachmasters.com.pl\\\/\",\"name\":\"DachMasters: Mycie i Malowanie Dach\u00f3w oraz Elewacji\",\"description\":\"\",\"potentialAction\":[{\"@type\":\"SearchAction\",\"target\":{\"@type\":\"EntryPoint\",\"urlTemplate\":\"https:\\\/\\\/www.dachmasters.com.pl\\\/?s={search_term_string}\"},\"query-input\":{\"@type\":\"PropertyValueSpecification\",\"valueRequired\":true,\"valueName\":\"search_term_string\"}}],\"inLanguage\":\"pl-PL\"}]}<\/script>\n<!-- \/ Yoast SEO plugin. -->","yoast_head_json":{"title":"Dlaczego warto wybra\u0107 DachMasters? - DachMasters: Mycie i Malowanie Dach&oacute;w oraz Elewacji","robots":{"index":"index","follow":"follow","max-snippet":"max-snippet:-1","max-image-preview":"max-image-preview:large","max-video-preview":"max-video-preview:-1"},"canonical":"https:\/\/www.dachmasters.com.pl\/index.php\/dlaczego-dachmasters\/","og_locale":"pl_PL","og_type":"article","og_title":"Dlaczego warto wybra\u0107 DachMasters? - DachMasters: Mycie i Malowanie Dach&oacute;w oraz Elewacji","og_description":"Dlaczego warto wybra\u0107 DachMasters? Ekologiczne mycie bez chemii \u2013 Stosujemy mycie wysokoci\u015bnieniowe (oko\u0142o 300 bar) bez u\u017cycia szkodliwych \u015brodk\u00f3w chemicznych, co jest bezpieczne zar\u00f3wno dla &hellip;","og_url":"https:\/\/www.dachmasters.com.pl\/index.php\/dlaczego-dachmasters\/","og_site_name":"DachMasters: Mycie i Malowanie Dach&oacute;w oraz Elewacji","article_publisher":"https:\/\/www.facebook.com\/people\/DachMasters-Mycie-Malowanie-Dachw\/61569275212148\/","article_modified_time":"2024-12-01T15:56:08+00:00","twitter_card":"summary_large_image","twitter_misc":{"Szacowany czas czytania":"2 minuty"},"schema":{"@context":"https:\/\/schema.org","@graph":[{"@type":"WebPage","@id":"https:\/\/www.dachmasters.com.pl\/index.php\/dlaczego-dachmasters\/","url":"https:\/\/www.dachmasters.com.pl\/index.php\/dlaczego-dachmasters\/","name":"Dlaczego warto wybra\u0107 DachMasters? - DachMasters: Mycie i Malowanie Dach&oacute;w oraz Elewacji","isPartOf":{"@id":"https:\/\/www.dachmasters.com.pl\/#website"},"datePublished":"2024-12-01T15:17:12+00:00","dateModified":"2024-12-01T15:56:08+00:00","breadcrumb":{"@id":"https:\/\/www.dachmasters.com.pl\/index.php\/dlaczego-dachmasters\/#breadcrumb"},"inLanguage":"pl-PL","potentialAction":[{"@type":"ReadAction","target":["https:\/\/www.dachmasters.com.pl\/index.php\/dlaczego-dachmasters\/"]}]},{"@type":"BreadcrumbList","@id":"https:\/\/www.dachmasters.com.pl\/index.php\/dlaczego-dachmasters\/#breadcrumb","itemListElement":[{"@type":"ListItem","position":1,"name":"Strona g\u0142\u00f3wna","item":"http:\/\/www.dachmasters.com.pl\/"},{"@type":"ListItem","position":2,"name":"Dlaczego warto wybra\u0107 DachMasters?"}]},{"@type":"WebSite","@id":"https:\/\/www.dachmasters.com.pl\/#website","url":"https:\/\/www.dachmasters.com.pl\/","name":"DachMasters: Mycie i Malowanie Dach\u00f3w oraz Elewacji","description":"","potentialAction":[{"@type":"SearchAction","target":{"@type":"EntryPoint","urlTemplate":"https:\/\/www.dachmasters.com.pl\/?s={search_term_string}"},"query-input":{"@type":"PropertyValueSpecification","valueRequired":true,"valueName":"search_term_string"}}],"inLanguage":"pl-PL"}]}},"_links":{"self":[{"href":"https:\/\/www.dachmasters.com.pl\/index.php\/wp-json\/wp\/v2\/pages\/28","targetHints":{"allow":["GET"]}}],"collection":[{"href":"https:\/\/www.dachmasters.com.pl\/index.php\/wp-json\/wp\/v2\/pages"}],"about":[{"href":"https:\/\/www.dachmasters.com.pl\/index.php\/wp-json\/wp\/v2\/types\/page"}],"author":[{"embeddable":true,"href":"https:\/\/www.dachmasters.com.pl\/index.php\/wp-json\/wp\/v2\/users\/1"}],"replies":[{"embeddable":true,"href":"https:\/\/www.dachmasters.com.pl\/index.php\/wp-json\/wp\/v2\/comments?post=28"}],"version-history":[{"count":3,"href":"https:\/\/www.dachmasters.com.pl\/index.php\/wp-json\/wp\/v2\/pages\/28\/revisions"}],"predecessor-version":[{"id":73,"href":"https:\/\/www.dachmasters.com.pl\/index.php\/wp-json\/wp\/v2\/pages\/28\/revisions\/73"}],"wp:attachment":[{"href":"https:\/\/www.dachmasters.com.pl\/index.php\/wp-json\/wp\/v2\/media?parent=28"}],"curies":[{"name":"wp","href":"https:\/\/api.w.org\/{rel}","templated":true}]}}